{"id":6553,"date":"2024-07-15T15:43:12","date_gmt":"2024-07-15T13:43:12","guid":{"rendered":"https:\/\/staging-sp2.idearia.it\/ride-up.org\/?page_id=6553"},"modified":"2024-11-06T12:07:18","modified_gmt":"2024-11-06T11:07:18","slug":"percorso-formativo","status":"publish","type":"page","link":"https:\/\/staging-sp2.idearia.it\/ride-up.org\/percorso-formativo\/","title":{"rendered":"Percorso Formativo"},"content":{"rendered":"\t\t<div data-elementor-type=\"wp-page\" data-elementor-id=\"6553\" class=\"elementor elementor-6553\" data-elementor-post-type=\"page\">\n\t\t\t\t<div data-dce-background-image-url=\"https:\/\/staging-sp2.idearia.it\/ride-up.org\/wp-content\/uploads\/2024\/07\/top-percorso-formativo.jpg\" class=\"elementor-element elementor-element-677448e7 e-flex e-con-boxed e-con e-parent\" data-id=\"677448e7\" data-element_type=\"container\" data-settings=\"{&quot;background_background&quot;:&quot;classic&quot;}\">\n\t\t\t\t\t<div class=\"e-con-inner\">\n\t\t\t\t<div class=\"elementor-element elementor-element-221ea2d9 elementor-widget elementor-widget-heading\" data-id=\"221ea2d9\" data-element_type=\"widget\" data-widget_type=\"heading.default\">\n\t\t\t\t<div class=\"elementor-widget-container\">\n\t\t\t<style>\/*! elementor - v3.21.0 - 26-05-2024 *\/\n.elementor-heading-title{padding:0;margin:0;line-height:1}.elementor-widget-heading .elementor-heading-title[class*=elementor-size-]>a{color:inherit;font-size:inherit;line-height:inherit}.elementor-widget-heading .elementor-heading-title.elementor-size-small{font-size:15px}.elementor-widget-heading .elementor-heading-title.elementor-size-medium{font-size:19px}.elementor-widget-heading .elementor-heading-title.elementor-size-large{font-size:29px}.elementor-widget-heading .elementor-heading-title.elementor-size-xl{font-size:39px}.elementor-widget-heading .elementor-heading-title.elementor-size-xxl{font-size:59px}<\/style><h2 class=\"elementor-heading-title elementor-size-default\">Percorso Formativo<\/h2>\t\t<\/div>\n\t\t\t\t<\/div>\n\t\t\t\t<div class=\"elementor-element elementor-element-1355d13a elementor-widget elementor-widget-heading\" data-id=\"1355d13a\" data-element_type=\"widget\" data-widget_type=\"heading.default\">\n\t\t\t\t<div class=\"elementor-widget-container\">\n\t\t\t<h3 class=\"elementor-heading-title elementor-size-default\">I Clienti percepiscono il servizio, non la riparazione!<\/h3>\t\t<\/div>\n\t\t\t\t<\/div>\n\t\t\t\t\t<\/div>\n\t\t\t\t<\/div>\n\t\t<div class=\"elementor-element elementor-element-36c12c97 e-flex e-con-boxed e-con e-parent\" data-id=\"36c12c97\" data-element_type=\"container\">\n\t\t\t\t\t<div class=\"e-con-inner\">\n\t\t<div class=\"elementor-element elementor-element-2cff8b54 e-flex e-con-boxed e-con e-child\" data-id=\"2cff8b54\" data-element_type=\"container\">\n\t\t\t\t\t<div class=\"e-con-inner\">\n\t\t\t\t<div class=\"elementor-element elementor-element-57e8cb08 elementor-widget elementor-widget-heading\" data-id=\"57e8cb08\" data-element_type=\"widget\" data-widget_type=\"heading.default\">\n\t\t\t\t<div class=\"elementor-widget-container\">\n\t\t\t<h3 class=\"elementor-heading-title elementor-size-default\">Il punto di partenza per la creazione del valore \n<\/h3>\t\t<\/div>\n\t\t\t\t<\/div>\n\t\t\t\t<div class=\"elementor-element elementor-element-42170fd2 elementor-widget elementor-widget-text-editor\" data-id=\"42170fd2\" data-element_type=\"widget\" data-widget_type=\"text-editor.default\">\n\t\t\t\t<div class=\"elementor-widget-container\">\n\t\t\t<style>\/*! elementor - v3.21.0 - 26-05-2024 *\/\n.elementor-widget-text-editor.elementor-drop-cap-view-stacked .elementor-drop-cap{background-color:#69727d;color:#fff}.elementor-widget-text-editor.elementor-drop-cap-view-framed .elementor-drop-cap{color:#69727d;border:3px solid;background-color:transparent}.elementor-widget-text-editor:not(.elementor-drop-cap-view-default) .elementor-drop-cap{margin-top:8px}.elementor-widget-text-editor:not(.elementor-drop-cap-view-default) .elementor-drop-cap-letter{width:1em;height:1em}.elementor-widget-text-editor .elementor-drop-cap{float:left;text-align:center;line-height:1;font-size:50px}.elementor-widget-text-editor .elementor-drop-cap-letter{display:inline-block}<\/style>\t\t\t\t<p>Un&#8217;ottima accettazione \u00e8 infatti la chiave per costruire una relazione di fiducia con il Cliente e per incrementare le vendite di servizi, accessori e ricambi, contribuendo in modo significativo al successo complessivo della vostra officina.<\/p>\t\t\t\t\t\t<\/div>\n\t\t\t\t<\/div>\n\t\t\t\t\t<\/div>\n\t\t\t\t<\/div>\n\t\t\t\t\t<\/div>\n\t\t\t\t<\/div>\n\t\t<div class=\"elementor-element elementor-element-748fdb9f e-flex e-con-boxed e-con e-parent\" data-id=\"748fdb9f\" data-element_type=\"container\">\n\t\t\t\t\t<div class=\"e-con-inner\">\n\t\t<div class=\"elementor-element elementor-element-e61f247 e-con-full e-flex e-con e-child\" data-id=\"e61f247\" data-element_type=\"container\">\n\t\t\t\t<div class=\"elementor-element elementor-element-4a1b0921 elementor-widget elementor-widget-heading\" data-id=\"4a1b0921\" data-element_type=\"widget\" data-widget_type=\"heading.default\">\n\t\t\t\t<div class=\"elementor-widget-container\">\n\t\t\t<h3 class=\"elementor-heading-title elementor-size-default\">Raccolta dei dati <\/h3>\t\t<\/div>\n\t\t\t\t<\/div>\n\t\t\t\t<div class=\"elementor-element elementor-element-294b4d23 elementor-widget elementor-widget-text-editor\" data-id=\"294b4d23\" data-element_type=\"widget\" data-widget_type=\"text-editor.default\">\n\t\t\t\t<div class=\"elementor-widget-container\">\n\t\t\t\t\t\t\t<p>Raccogliere informazioni dettagliate sui Clienti, sulle moto e sugli interventi eseguiti deve essere cruciale nell&#8217;attivit\u00e0 della tua officina, perch\u00e9 questi dati sono essenziali non solo per offrire un servizio migliore, ma anche per prendere decisioni strategiche.<\/p>\t\t\t\t\t\t<\/div>\n\t\t\t\t<\/div>\n\t\t\t\t<\/div>\n\t\t<div class=\"elementor-element elementor-element-580789e5 e-con-full e-flex e-con e-child\" data-id=\"580789e5\" data-element_type=\"container\">\n\t\t\t\t<div class=\"elementor-element elementor-element-2bea9124 dce_masking-none elementor-widget elementor-widget-image\" data-id=\"2bea9124\" data-element_type=\"widget\" data-widget_type=\"image.default\">\n\t\t\t\t<div class=\"elementor-widget-container\">\n\t\t\t<style>\/*! elementor - v3.21.0 - 26-05-2024 *\/\n.elementor-widget-image{text-align:center}.elementor-widget-image a{display:inline-block}.elementor-widget-image a img[src$=\".svg\"]{width:48px}.elementor-widget-image img{vertical-align:middle;display:inline-block}<\/style>\t\t\t\t\t\t\t\t\t\t<img fetchpriority=\"high\" decoding=\"async\" width=\"800\" height=\"628\" src=\"https:\/\/staging-sp2.idearia.it\/ride-up.org\/wp-content\/uploads\/2024\/07\/img-formazione-dati-1024x804.jpg\" class=\"attachment-large size-large wp-image-6807\" alt=\"\" srcset=\"https:\/\/staging-sp2.idearia.it\/ride-up.org\/wp-content\/uploads\/2024\/07\/img-formazione-dati-1024x804.jpg 1024w, https:\/\/staging-sp2.idearia.it\/ride-up.org\/wp-content\/uploads\/2024\/07\/img-formazione-dati-300x236.jpg 300w, https:\/\/staging-sp2.idearia.it\/ride-up.org\/wp-content\/uploads\/2024\/07\/img-formazione-dati-768x603.jpg 768w, https:\/\/staging-sp2.idearia.it\/ride-up.org\/wp-content\/uploads\/2024\/07\/img-formazione-dati.jpg 1304w\" sizes=\"(max-width: 800px) 100vw, 800px\" \/>\t\t\t\t\t\t\t\t\t\t\t\t\t<\/div>\n\t\t\t\t<\/div>\n\t\t\t\t<\/div>\n\t\t\t\t\t<\/div>\n\t\t\t\t<\/div>\n\t\t<div class=\"elementor-element elementor-element-40b1c80 e-flex e-con-boxed e-con e-parent\" data-id=\"40b1c80\" data-element_type=\"container\">\n\t\t\t\t\t<div class=\"e-con-inner\">\n\t\t<div class=\"elementor-element elementor-element-c8e6095 e-con-full e-flex e-con e-child\" data-id=\"c8e6095\" data-element_type=\"container\">\n\t\t\t\t<div class=\"elementor-element elementor-element-1c07832 elementor-widget elementor-widget-heading\" data-id=\"1c07832\" data-element_type=\"widget\" data-widget_type=\"heading.default\">\n\t\t\t\t<div class=\"elementor-widget-container\">\n\t\t\t<h3 class=\"elementor-heading-title elementor-size-default\">Accettazione organizzata<\/h3>\t\t<\/div>\n\t\t\t\t<\/div>\n\t\t\t\t<div class=\"elementor-element elementor-element-d135fa0 elementor-widget elementor-widget-text-editor\" data-id=\"d135fa0\" data-element_type=\"widget\" data-widget_type=\"text-editor.default\">\n\t\t\t\t<div class=\"elementor-widget-container\">\n\t\t\t\t\t\t\t<p><span style=\"font-weight: 400;\">Un sistema ben strutturato permette di gestire al meglio il flusso di lavoro, riducendo al minimo gli errori e i ritardi. L\u2019Accettatore deve essere in grado di gestire i ricambi e monitorare il flusso degli ordini per garantire un servizio efficiente.<\/span><\/p>\t\t\t\t\t\t<\/div>\n\t\t\t\t<\/div>\n\t\t\t\t<\/div>\n\t\t<div class=\"elementor-element elementor-element-570b1f3 e-con-full e-flex e-con e-child\" data-id=\"570b1f3\" data-element_type=\"container\">\n\t\t\t\t<div class=\"elementor-element elementor-element-99a2923 dce_masking-none elementor-widget elementor-widget-image\" data-id=\"99a2923\" data-element_type=\"widget\" data-widget_type=\"image.default\">\n\t\t\t\t<div class=\"elementor-widget-container\">\n\t\t\t\t\t\t\t\t\t\t\t\t\t<img decoding=\"async\" width=\"800\" height=\"628\" src=\"https:\/\/staging-sp2.idearia.it\/ride-up.org\/wp-content\/uploads\/2024\/07\/img-formazione-meccanico-1024x804.jpg\" class=\"attachment-large size-large wp-image-6808\" alt=\"\" srcset=\"https:\/\/staging-sp2.idearia.it\/ride-up.org\/wp-content\/uploads\/2024\/07\/img-formazione-meccanico-1024x804.jpg 1024w, https:\/\/staging-sp2.idearia.it\/ride-up.org\/wp-content\/uploads\/2024\/07\/img-formazione-meccanico-300x236.jpg 300w, https:\/\/staging-sp2.idearia.it\/ride-up.org\/wp-content\/uploads\/2024\/07\/img-formazione-meccanico-768x603.jpg 768w, https:\/\/staging-sp2.idearia.it\/ride-up.org\/wp-content\/uploads\/2024\/07\/img-formazione-meccanico.jpg 1304w\" sizes=\"(max-width: 800px) 100vw, 800px\" \/>\t\t\t\t\t\t\t\t\t\t\t\t\t<\/div>\n\t\t\t\t<\/div>\n\t\t\t\t<\/div>\n\t\t\t\t\t<\/div>\n\t\t\t\t<\/div>\n\t\t<div class=\"elementor-element elementor-element-801fe10 e-flex e-con-boxed e-con e-parent\" data-id=\"801fe10\" data-element_type=\"container\">\n\t\t\t\t\t<div class=\"e-con-inner\">\n\t\t<div class=\"elementor-element elementor-element-7b987a9 e-con-full e-flex e-con e-child\" data-id=\"7b987a9\" data-element_type=\"container\">\n\t\t\t\t<div class=\"elementor-element elementor-element-c8f7766 elementor-widget elementor-widget-heading\" data-id=\"c8f7766\" data-element_type=\"widget\" data-widget_type=\"heading.default\">\n\t\t\t\t<div class=\"elementor-widget-container\">\n\t\t\t<h3 class=\"elementor-heading-title elementor-size-default\">Vendere il tuo lavoro<\/h3>\t\t<\/div>\n\t\t\t\t<\/div>\n\t\t\t\t<div class=\"elementor-element elementor-element-590bcfd elementor-widget elementor-widget-text-editor\" data-id=\"590bcfd\" data-element_type=\"widget\" data-widget_type=\"text-editor.default\">\n\t\t\t\t<div class=\"elementor-widget-container\">\n\t\t\t\t\t\t\t<p>Vendere al meglio il tuo lavoro significa valorizzare ogni intervento. Non si tratta solo di eseguire un servizio, ma di comunicare l&#8217;eccellenza e l&#8217;attenzione ai dettagli che ci contraddistinguono. \u00c8 essenziale che i Clienti percepiscano questo valore aggiunto, il che non solo li fidelizzer\u00e0, ma aprir\u00e0 anche la porta alla vendita di ulteriori servizi, accessori e, perch\u00e9 no, ricambi.<\/p>\t\t\t\t\t\t<\/div>\n\t\t\t\t<\/div>\n\t\t\t\t<\/div>\n\t\t<div class=\"elementor-element elementor-element-c2f994a e-con-full e-flex e-con e-child\" data-id=\"c2f994a\" data-element_type=\"container\">\n\t\t\t\t<div class=\"elementor-element elementor-element-4d27b5a dce_masking-none elementor-widget elementor-widget-image\" data-id=\"4d27b5a\" data-element_type=\"widget\" data-widget_type=\"image.default\">\n\t\t\t\t<div class=\"elementor-widget-container\">\n\t\t\t\t\t\t\t\t\t\t\t\t\t<img decoding=\"async\" width=\"800\" height=\"628\" src=\"https:\/\/staging-sp2.idearia.it\/ride-up.org\/wp-content\/uploads\/2024\/07\/img-formazione-clienti-1024x804.jpg\" class=\"attachment-large size-large wp-image-6823\" alt=\"\" srcset=\"https:\/\/staging-sp2.idearia.it\/ride-up.org\/wp-content\/uploads\/2024\/07\/img-formazione-clienti-1024x804.jpg 1024w, https:\/\/staging-sp2.idearia.it\/ride-up.org\/wp-content\/uploads\/2024\/07\/img-formazione-clienti-300x236.jpg 300w, https:\/\/staging-sp2.idearia.it\/ride-up.org\/wp-content\/uploads\/2024\/07\/img-formazione-clienti-768x603.jpg 768w, https:\/\/staging-sp2.idearia.it\/ride-up.org\/wp-content\/uploads\/2024\/07\/img-formazione-clienti.jpg 1304w\" sizes=\"(max-width: 800px) 100vw, 800px\" \/>\t\t\t\t\t\t\t\t\t\t\t\t\t<\/div>\n\t\t\t\t<\/div>\n\t\t\t\t<\/div>\n\t\t\t\t\t<\/div>\n\t\t\t\t<\/div>\n\t\t<div data-dce-background-color=\"#060508\" data-dce-background-image-url=\"https:\/\/staging-sp2.idearia.it\/ride-up.org\/wp-content\/uploads\/2024\/06\/shutterstock_1064956409-1.png\" class=\"elementor-element elementor-element-31fa8eee e-flex e-con-boxed e-con e-parent\" data-id=\"31fa8eee\" data-element_type=\"container\" data-settings=\"{&quot;background_background&quot;:&quot;classic&quot;}\">\n\t\t\t\t\t<div class=\"e-con-inner\">\n\t\t<div class=\"elementor-element elementor-element-55d59e4e e-con-full e-flex e-con e-child\" data-id=\"55d59e4e\" data-element_type=\"container\">\n\t\t\t\t<div class=\"elementor-element elementor-element-27dd565a elementor-widget elementor-widget-heading\" data-id=\"27dd565a\" data-element_type=\"widget\" data-widget_type=\"heading.default\">\n\t\t\t\t<div class=\"elementor-widget-container\">\n\t\t\t<h2 class=\"elementor-heading-title elementor-size-default\">Cosa aspetti? <br>Entrare a far parte  Network Ride Up<\/h2>\t\t<\/div>\n\t\t\t\t<\/div>\n\t\t\t\t<div data-dce-background-color=\"#D9070D\" class=\"elementor-element elementor-element-28236e3d elementor-widget elementor-widget-button\" data-id=\"28236e3d\" data-element_type=\"widget\" data-widget_type=\"button.default\">\n\t\t\t\t<div class=\"elementor-widget-container\">\n\t\t\t\t\t<div class=\"elementor-button-wrapper\">\n\t\t\t<a class=\"elementor-button elementor-button-link elementor-size-sm\" href=\"https:\/\/staging-sp2.idearia.it\/ride-up.org\/entra-nel-network\/\">\n\t\t\t\t\t\t<span class=\"elementor-button-content-wrapper\">\n\t\t\t\t\t\t\t\t\t<span class=\"elementor-button-text\">Entra nel network<\/span>\n\t\t\t\t\t<\/span>\n\t\t\t\t\t<\/a>\n\t\t<\/div>\n\t\t\t\t<\/div>\n\t\t\t\t<\/div>\n\t\t\t\t<\/div>\n\t\t\t\t\t<\/div>\n\t\t\t\t<\/div>\n\t\t\t\t<\/div>\n\t\t","protected":false},"excerpt":{"rendered":"<p>Percorso Formativo I Clienti percepiscono il servizio, non la riparazione! Il punto di partenza per la creazione del valore Un&#8217;ottima accettazione \u00e8 infatti la chiave per costruire una relazione di fiducia con il Cliente e per incrementare le vendite di servizi, accessori e ricambi, contribuendo in modo significativo al successo complessivo della vostra officina. Raccolta [&hellip;]<\/p>\n","protected":false},"author":6,"featured_media":0,"parent":0,"menu_order":0,"comment_status":"closed","ping_status":"closed","template":"","meta":{"_acf_changed":false,"footnotes":""},"categories":[],"acf":[],"yoast_head":"<!-- This site is optimized with the Yoast SEO plugin v23.4 - https:\/\/yoast.com\/wordpress\/plugins\/seo\/ -->\n<title>Percorso Formativo - Ride Up<\/title>\n<meta name=\"robots\" content=\"noindex, follow, max-snippet:-1, max-image-preview:large, max-video-preview:-1\" \/>\n<meta property=\"og:locale\" content=\"it_IT\" \/>\n<meta property=\"og:type\" content=\"article\" \/>\n<meta property=\"og:title\" content=\"Percorso Formativo - Ride Up\" \/>\n<meta property=\"og:description\" content=\"Percorso Formativo I Clienti percepiscono il servizio, non la riparazione! Il punto di partenza per la creazione del valore Un&#8217;ottima accettazione \u00e8 infatti la chiave per costruire una relazione di fiducia con il Cliente e per incrementare le vendite di servizi, accessori e ricambi, contribuendo in modo significativo al successo complessivo della vostra officina. Raccolta [&hellip;]\" \/>\n<meta property=\"og:url\" content=\"https:\/\/staging-sp2.idearia.it\/ride-up.org\/percorso-formativo\/\" \/>\n<meta property=\"og:site_name\" content=\"Ride Up\" \/>\n<meta property=\"article:modified_time\" content=\"2024-11-06T11:07:18+00:00\" \/>\n<meta property=\"og:image\" content=\"https:\/\/staging-sp2.idearia.it\/ride-up.org\/wp-content\/uploads\/2024\/07\/img-formazione-dati-1024x804.jpg\" \/>\n<meta name=\"twitter:card\" content=\"summary_large_image\" \/>\n<meta name=\"twitter:label1\" content=\"Est. reading time\" \/>\n\t<meta name=\"twitter:data1\" content=\"2 minuti\" \/>\n<script type=\"application\/ld+json\" class=\"yoast-schema-graph\">{\"@context\":\"https:\/\/schema.org\",\"@graph\":[{\"@type\":\"WebPage\",\"@id\":\"https:\/\/staging-sp2.idearia.it\/ride-up.org\/percorso-formativo\/\",\"url\":\"https:\/\/staging-sp2.idearia.it\/ride-up.org\/percorso-formativo\/\",\"name\":\"Percorso Formativo - Ride Up\",\"isPartOf\":{\"@id\":\"https:\/\/staging-sp2.idearia.it\/ride-up.org\/#website\"},\"primaryImageOfPage\":{\"@id\":\"https:\/\/staging-sp2.idearia.it\/ride-up.org\/percorso-formativo\/#primaryimage\"},\"image\":{\"@id\":\"https:\/\/staging-sp2.idearia.it\/ride-up.org\/percorso-formativo\/#primaryimage\"},\"thumbnailUrl\":\"https:\/\/staging-sp2.idearia.it\/ride-up.org\/wp-content\/uploads\/2024\/07\/img-formazione-dati-1024x804.jpg\",\"datePublished\":\"2024-07-15T13:43:12+00:00\",\"dateModified\":\"2024-11-06T11:07:18+00:00\",\"breadcrumb\":{\"@id\":\"https:\/\/staging-sp2.idearia.it\/ride-up.org\/percorso-formativo\/#breadcrumb\"},\"inLanguage\":\"it-IT\",\"potentialAction\":[{\"@type\":\"ReadAction\",\"target\":[\"https:\/\/staging-sp2.idearia.it\/ride-up.org\/percorso-formativo\/\"]}]},{\"@type\":\"ImageObject\",\"inLanguage\":\"it-IT\",\"@id\":\"https:\/\/staging-sp2.idearia.it\/ride-up.org\/percorso-formativo\/#primaryimage\",\"url\":\"https:\/\/staging-sp2.idearia.it\/ride-up.org\/wp-content\/uploads\/2024\/07\/img-formazione-dati.jpg\",\"contentUrl\":\"https:\/\/staging-sp2.idearia.it\/ride-up.org\/wp-content\/uploads\/2024\/07\/img-formazione-dati.jpg\",\"width\":1304,\"height\":1024},{\"@type\":\"BreadcrumbList\",\"@id\":\"https:\/\/staging-sp2.idearia.it\/ride-up.org\/percorso-formativo\/#breadcrumb\",\"itemListElement\":[{\"@type\":\"ListItem\",\"position\":1,\"name\":\"Home\",\"item\":\"https:\/\/staging-sp2.idearia.it\/ride-up.org\/\"},{\"@type\":\"ListItem\",\"position\":2,\"name\":\"Percorso Formativo\"}]},{\"@type\":\"WebSite\",\"@id\":\"https:\/\/staging-sp2.idearia.it\/ride-up.org\/#website\",\"url\":\"https:\/\/staging-sp2.idearia.it\/ride-up.org\/\",\"name\":\"Ride Up\",\"description\":\"La fiducia su 2 ruote\",\"publisher\":{\"@id\":\"https:\/\/staging-sp2.idearia.it\/ride-up.org\/#organization\"},\"potentialAction\":[{\"@type\":\"SearchAction\",\"target\":{\"@type\":\"EntryPoint\",\"urlTemplate\":\"https:\/\/staging-sp2.idearia.it\/ride-up.org\/?s={search_term_string}\"},\"query-input\":{\"@type\":\"PropertyValueSpecification\",\"valueRequired\":true,\"valueName\":\"search_term_string\"}}],\"inLanguage\":\"it-IT\"},{\"@type\":\"Organization\",\"@id\":\"https:\/\/staging-sp2.idearia.it\/ride-up.org\/#organization\",\"name\":\"Ride Up\",\"url\":\"https:\/\/staging-sp2.idearia.it\/ride-up.org\/\",\"logo\":{\"@type\":\"ImageObject\",\"inLanguage\":\"it-IT\",\"@id\":\"https:\/\/staging-sp2.idearia.it\/ride-up.org\/#\/schema\/logo\/image\/\",\"url\":\"https:\/\/staging-sp2.idearia.it\/ride-up.org\/wp-content\/uploads\/2024\/05\/Logo-Ride-Up-colore.svg\",\"contentUrl\":\"https:\/\/staging-sp2.idearia.it\/ride-up.org\/wp-content\/uploads\/2024\/05\/Logo-Ride-Up-colore.svg\",\"width\":157,\"height\":59,\"caption\":\"Ride Up\"},\"image\":{\"@id\":\"https:\/\/staging-sp2.idearia.it\/ride-up.org\/#\/schema\/logo\/image\/\"}}]}<\/script>\n<!-- \/ Yoast SEO plugin. -->","yoast_head_json":{"title":"Percorso Formativo - Ride Up","robots":{"index":"noindex","follow":"follow","max-snippet":"max-snippet:-1","max-image-preview":"max-image-preview:large","max-video-preview":"max-video-preview:-1"},"og_locale":"it_IT","og_type":"article","og_title":"Percorso Formativo - Ride Up","og_description":"Percorso Formativo I Clienti percepiscono il servizio, non la riparazione! Il punto di partenza per la creazione del valore Un&#8217;ottima accettazione \u00e8 infatti la chiave per costruire una relazione di fiducia con il Cliente e per incrementare le vendite di servizi, accessori e ricambi, contribuendo in modo significativo al successo complessivo della vostra officina. Raccolta [&hellip;]","og_url":"https:\/\/staging-sp2.idearia.it\/ride-up.org\/percorso-formativo\/","og_site_name":"Ride Up","article_modified_time":"2024-11-06T11:07:18+00:00","og_image":[{"url":"https:\/\/staging-sp2.idearia.it\/ride-up.org\/wp-content\/uploads\/2024\/07\/img-formazione-dati-1024x804.jpg"}],"twitter_card":"summary_large_image","twitter_misc":{"Est. reading time":"2 minuti"},"schema":{"@context":"https:\/\/schema.org","@graph":[{"@type":"WebPage","@id":"https:\/\/staging-sp2.idearia.it\/ride-up.org\/percorso-formativo\/","url":"https:\/\/staging-sp2.idearia.it\/ride-up.org\/percorso-formativo\/","name":"Percorso Formativo - Ride Up","isPartOf":{"@id":"https:\/\/staging-sp2.idearia.it\/ride-up.org\/#website"},"primaryImageOfPage":{"@id":"https:\/\/staging-sp2.idearia.it\/ride-up.org\/percorso-formativo\/#primaryimage"},"image":{"@id":"https:\/\/staging-sp2.idearia.it\/ride-up.org\/percorso-formativo\/#primaryimage"},"thumbnailUrl":"https:\/\/staging-sp2.idearia.it\/ride-up.org\/wp-content\/uploads\/2024\/07\/img-formazione-dati-1024x804.jpg","datePublished":"2024-07-15T13:43:12+00:00","dateModified":"2024-11-06T11:07:18+00:00","breadcrumb":{"@id":"https:\/\/staging-sp2.idearia.it\/ride-up.org\/percorso-formativo\/#breadcrumb"},"inLanguage":"it-IT","potentialAction":[{"@type":"ReadAction","target":["https:\/\/staging-sp2.idearia.it\/ride-up.org\/percorso-formativo\/"]}]},{"@type":"ImageObject","inLanguage":"it-IT","@id":"https:\/\/staging-sp2.idearia.it\/ride-up.org\/percorso-formativo\/#primaryimage","url":"https:\/\/staging-sp2.idearia.it\/ride-up.org\/wp-content\/uploads\/2024\/07\/img-formazione-dati.jpg","contentUrl":"https:\/\/staging-sp2.idearia.it\/ride-up.org\/wp-content\/uploads\/2024\/07\/img-formazione-dati.jpg","width":1304,"height":1024},{"@type":"BreadcrumbList","@id":"https:\/\/staging-sp2.idearia.it\/ride-up.org\/percorso-formativo\/#breadcrumb","itemListElement":[{"@type":"ListItem","position":1,"name":"Home","item":"https:\/\/staging-sp2.idearia.it\/ride-up.org\/"},{"@type":"ListItem","position":2,"name":"Percorso Formativo"}]},{"@type":"WebSite","@id":"https:\/\/staging-sp2.idearia.it\/ride-up.org\/#website","url":"https:\/\/staging-sp2.idearia.it\/ride-up.org\/","name":"Ride Up","description":"La fiducia su 2 ruote","publisher":{"@id":"https:\/\/staging-sp2.idearia.it\/ride-up.org\/#organization"},"potentialAction":[{"@type":"SearchAction","target":{"@type":"EntryPoint","urlTemplate":"https:\/\/staging-sp2.idearia.it\/ride-up.org\/?s={search_term_string}"},"query-input":{"@type":"PropertyValueSpecification","valueRequired":true,"valueName":"search_term_string"}}],"inLanguage":"it-IT"},{"@type":"Organization","@id":"https:\/\/staging-sp2.idearia.it\/ride-up.org\/#organization","name":"Ride Up","url":"https:\/\/staging-sp2.idearia.it\/ride-up.org\/","logo":{"@type":"ImageObject","inLanguage":"it-IT","@id":"https:\/\/staging-sp2.idearia.it\/ride-up.org\/#\/schema\/logo\/image\/","url":"https:\/\/staging-sp2.idearia.it\/ride-up.org\/wp-content\/uploads\/2024\/05\/Logo-Ride-Up-colore.svg","contentUrl":"https:\/\/staging-sp2.idearia.it\/ride-up.org\/wp-content\/uploads\/2024\/05\/Logo-Ride-Up-colore.svg","width":157,"height":59,"caption":"Ride Up"},"image":{"@id":"https:\/\/staging-sp2.idearia.it\/ride-up.org\/#\/schema\/logo\/image\/"}}]}},"_links":{"self":[{"href":"https:\/\/staging-sp2.idearia.it\/ride-up.org\/wp-json\/wp\/v2\/pages\/6553"}],"collection":[{"href":"https:\/\/staging-sp2.idearia.it\/ride-up.org\/wp-json\/wp\/v2\/pages"}],"about":[{"href":"https:\/\/staging-sp2.idearia.it\/ride-up.org\/wp-json\/wp\/v2\/types\/page"}],"author":[{"embeddable":true,"href":"https:\/\/staging-sp2.idearia.it\/ride-up.org\/wp-json\/wp\/v2\/users\/6"}],"replies":[{"embeddable":true,"href":"https:\/\/staging-sp2.idearia.it\/ride-up.org\/wp-json\/wp\/v2\/comments?post=6553"}],"version-history":[{"count":40,"href":"https:\/\/staging-sp2.idearia.it\/ride-up.org\/wp-json\/wp\/v2\/pages\/6553\/revisions"}],"predecessor-version":[{"id":9008,"href":"https:\/\/staging-sp2.idearia.it\/ride-up.org\/wp-json\/wp\/v2\/pages\/6553\/revisions\/9008"}],"wp:attachment":[{"href":"https:\/\/staging-sp2.idearia.it\/ride-up.org\/wp-json\/wp\/v2\/media?parent=6553"}],"wp:term":[{"taxonomy":"category","embeddable":true,"href":"https:\/\/staging-sp2.idearia.it\/ride-up.org\/wp-json\/wp\/v2\/categories?post=6553"}],"curies":[{"name":"wp","href":"https:\/\/api.w.org\/{rel}","templated":true}]}}